ose -3*b + 4*b - 1227 = -t*p, -5*b = 5*p - 3055. What is the units digit of p?
6
Let g = -277 + 287. What is the units digit of 231*36/g - (-51)/(-85)?
1
Let u be (65/(-20) - -5)/(3/780). Suppose 3*y - 9 = -0, 2*c - y = u. What is the hundreds digit of c?
2
Suppose -3*t - 97 = -5*t - 3*i, 2*i = 3*t - 113. Let w = t - 64. Let b = w + 99. What is the units digit of b?
6
Suppose 3*j = -3*m + 369, 2*j + 2*m = 5*m + 226. Let o = -261 + j. Let w = o + 220. What is the tens digit of w?
7
Let t(r) = -14*r + 1. Let x be t(-1). What is the hundreds digit of (5358/x)/(48/120)?
8
Let g(p) = 23*p**3 - p - 2. Suppose 3*b + 0*b = 6. Suppose -5*t = b*t - 14. What is the tens digit of g(t)?
8
Let q = 72 + -54. Let f be (-693)/q*(0/(-3) + -6). Let z = f - 118. What is the tens digit of z?
1
Let s(n) = 7*n**2 - 60*n + 669. What is the ten thousands digit of s(60)?
2
Suppose -44*i = -55*i. Suppose 53*o - 52*o - 1330 = i. What is the thousands digit of o?
1
Let c = 470 - 477. What is the units digit of (c + 364)/(-3)*-1?
9
Let w = -100 - -1062. What is the units digit of w?
2
Suppose -16*s - 4*s = -40. Suppose 3*r + 3*i = 2223, 0*r - r - s*i = -740. What is the hundreds digit of r?
7
Let c = 172 - 250. Let v = 80 + c. What is the units digit of 5/(15/v) + 472/3?
8
Let n(w) = w**2 - 21*w - 26. Let h be n(22). Let z(p) = 33*p**2 - 7*p - 3. What is the tens digit of z(h)?
5
Suppose f = 5*z + 2, 4 = -4*f + 6*f - 4*z. Suppose 3*n = -f*b - 2*b + 3292, 2*n - 2*b = 2218. What is the hundreds digit of n?
1
Suppose 119*c - 120*c = -3*v - 52357, 5*c - 261795 = 5*v. What is the tens digit of c?
6
Let i = -6163 + 7315. What is the tens digit of i?
5
Let b(m) = m**3 - 5*m**2 + 14*m + 5. Let u be ((-6)/(-5))/((1 + 3)/(-20)). Let n be 6*(-2)/u*(3 + 0). What is the tens digit of b(n)?
2
Let o(b) = -2*b**2 + 3*b - 8. Let c be o(8). Let i = c + 8. Let y = 178 + i. What is the units digit of y?
4
Suppose -3*h + 6 = -5*h. Let r(u) = -9*u**3 - 2*u**2 - 2*u + 5. What is the tens digit of r(h)?
3
Suppose 17*z = 16*z + 1922. Suppose -2*o = -3*k - z, 0 = 4*o + 5*k - 1291 - 2553. What is the units digit of o?
1
Suppose 87*u - 536992 = 55*u. What is the ten thousands digit of u?
1
Let k(t) = 126*t**2 - 67*t + 161. What is the thousands digit of k(-23)?
8
Let i = 43760 + -21592. What is the thousands digit of i?
2
Let d(r) = r**3 + 2*r**2 + r + 2. Let z be d(-2). Let l(w) = w**3 - 2*w - w**2 + 3*w + 3 + z*w**3 - 6*w. What is the tens digit of l(4)?
3
Let j = -88 + 107. Let o(g) = -g**3 + 18*g**2 + 17*g + 55. Let h be o(j). Suppose -5*r - 2172 = -h*r. What is the units digit of r?
1
Suppose 0 = 5*z - 36*z - 11656. What is the units digit of z/(-6) - (-2)/(-3)?
2
Let a be 104 + -1 - (-3 + 7). Suppose -4*q + a - 999 = 0. Let p = 348 + q. What is the hundreds digit of p?
1
Let c = 585 - 199. Suppose -10*k + c = -524. What is the tens digit of k?
9
Suppose -2*v - 4*b + 6 = 0, -22 = -2*v + 5*b - 7. Suppose 647 = 3*y - v*h, 261 = 5*y - 4*h - 800. What is the hundreds digit of y?
2
Suppose -5*m = 5*q, -3*q = -3*m - 5*q - 4. What is the units digit of m/(-7) + (-180116)/(-259)?
6
Let d be (-370)/(-60) + (5/(-6))/5. Suppose 3*v = -4*l + 821, -4*v = -d*v - 4*l + 550. What is the units digit of v?
1
Let j = 94 + 756. Let g = -527 + j. Let k = g - 203. What is the units digit of k?
0
Let b(j) = 2*j**3 - 209*j**2 + 24*j - 306. What is the ten thousands digit of b(105)?
1
What is the ten thousands digit of 614*6981/130 + 4/20?
3
Let r(t) = -t**2 + 20*t + 18. Let o be r(20). Suppose o*y + 1459 = 4339. What is the tens digit of y?
6
Let f = -321 - -325. Suppose -4*m + 3*x + 948 = 0, f*m - m = -3*x + 711. What is the tens digit of m?
3
Let j(d) = 177*d - 2596. What is the thousands digit of j(43)?
5
Let q be (-6)/((-14)/12 - 6/(-9)). Suppose -295 = -2*n - 0*s - s, -4*s = -q. What is the hundreds digit of n?
1
Let u(m) = -m**2 + m + 21. Let p be u(-6). Let w = p - -37. What is the tens digit of -15 + w - (-152 - 1)?
5
Suppose 4*d - 871 = -111. What is the tens digit of (2 - 6 - -5) + d?
9
Let n = 341 + -243. Let y = n - 21. What is the tens digit of y + 6 + (-3 - -1)?
8
Let z(v) = 99*v**3 - 100*v**3 - v**2 + 1 - 1. Let j be z(0). Suppose -2*d + 0*d = a - 70, j = 2*a + d - 128. What is the units digit of a?
2
Suppose 936*t - 959*t + 199249 = 0. What is the units digit of t?
3
Let x(i) = -5*i - 1. Let b be x(-1). Suppose g = b*u - 2915, 0 = 4*u - 14*g + 18*g - 2920. What is the tens digit of u?
2
Let d(k) = k**3 - 7*k**2 - 5*k + 12. Let x be d(8). Suppose -4*i = x*f - 32*f - 6136, -5*i + 10 = 0. What is the thousands digit of f?
1
Suppose -5*j + 2*j = 0. Suppose -3*w - 2*u + 5*u + 453 = j, -u + 609 = 4*w. Suppose -43 = -3*b + w. What is the tens digit of b?
6
What is the units digit of (-2257479)/(-126)*(-2)/(-7)?
9
Suppose 120147 = 6*z - 47241. What is the tens digit of z?
9
Let u(z) = 815*z + 70*z**2 - 2 - 418*z - 398*z. Suppose -2 = 4*c + 2. What is the tens digit of u(c)?
6
Let f(m) = -54*m - 747. Let t be f(-14). Let z = 17 + -24. What is the tens digit of z + t + (-1 - -10)?
1
Let j be (-202)/505*(-1 - 4). What is the thousands digit of 2 + j + 1164 - (0 + 3)?
1
Let y(s) = 3*s**3 + 34*s**2 + 8*s - 17. Let x be y(-11). Suppose x*o - 25714 = -1314. What is the hundreds digit of o?
5
Suppose 9*b + 4230 = 3*z + 6*b, 3*b = -9. What is the hundreds digit of z?
4
Let a(z) = -z**3 + 6*z**2 - 4*z + 4. Let q be a(5). Let u be (-6)/4*12/q. What is the units digit of (-672)/(-9) - u/(-3)?
4
Let c = -68962 - -118008. What is the ten thousands digit of c?
4
Let s(r) = -9 - 18*r + 10*r**2 - 24*r - 7*r**2 + 4*r. Let w be s(13). Suppose -75 = -w*h + 773. What is the hundreds digit of h?
2
Let n = -6065 - -47222. What is the thousands digit of n?
1
Suppose -1248074 = -324*p + 3646594. What is the ten thousands digit of p?
1
Suppose 3*g = 10 - 37. Let h(o) = o**3 + 8*o**2 - 9*o + 17. Let u be h(g). Suppose 19*x - 562 = u*x. What is the hundreds digit of x?
2
Suppose 388 = t + 3*t. Suppose -t = 4*m - 5*v + 206, 0 = -4*m + 3*v - 305. Let y = m + 252. What is the hundreds digit of y?
1
Let f(y) = -10*y**3 + 7*y**2 - 4*y - 2. Let l be f(4). Let g = 1256 + l. Suppose 55*i = 50*i + g. What is the tens digit of i?
4
Let y(j) = -30*j**3 - 7*j**2 - 63*j + 45. What is the ten thousands digit of y(-7)?
1
Suppose 2*p = -5*x + 1673 - 100, 5*p + 4*x = 3890. Let m = p + -261. What is the hundreds digit of m?
5
Let k(c) = c**3 + 28*c**2 - 32*c + 5. Let f = -761 - -733. What is the hundreds digit of k(f)?
9
Suppose -j - 74 + 71 = 0, 19225 = c - 2*j. What is the thousands digit of c?
9
Let i(f) be the second derivative of -3*f**5/20 + f**4/12 - 2*f**3/3 - f**2 - 4*f. Suppose 51*y - 6 = 53*y. What is the units digit of i(y)?
0
Suppose 0 = -9*v + 14 - 86. What is the units digit of (-28256)/(-14) - (-3)/(84/v)?
8
Let n be (39/12)/((4/(-1))/(-16)). Suppose -y + 5*o + n = -439, -o + 2 = 0. What is the hundreds digit of y?
4
Suppose -3*f = 4*y + 256 - 653, 0 = y + 2. What is the thousands digit of f/(-6)*15040/(-200)?
1
Let w(l) = 72*l - 12. Let a be w(8). Let j = a + 41. What is the tens digit of j?
0
Let w = -23946 - -56334. What is the units digit of w?
8
Suppose -y + 16 = 4*d, -5*y + 5*d - 11 - 9 = 0. Let n(w) = 12*w + 2064. Let t be n(y). Suppose -2*j = -10*j + t. What is the hundreds digit of j?
2
Suppose -70282 = -5*z + 4*a - 16153, -3*a = -5*z + 54123. What is the thousands digit of z?
0
What is the hundreds digit of (-582)/(-873) + (-2)/(-3)*47577/6?
2
Suppose 0 = -4*f + 5*x + 55, 3*f + 6*x - x = 15. Suppose -6*o + f*o - 3424 = 0. What is the tens digit of o?
5
Let g = 42797 - 16078. What is the ten thousands digit of g?
2
Suppose -2*k + 224 = 5*t - 99, 1 = -t. Let l = 377 - k. Suppose -7*i + 4*i = -l. What is the tens digit of i?
7
Let k be (-14)/((-8)/32*-8). What is the tens digit of 15*k/21 - -356?
5
Let w(n) = -2*n**2 - 20*n + 25. Let o be w(-11). Let h be (20/30)/(o/(9/(-2))). What is the tens digit of h/(-4)*-17*-28?
1
Let d = -18 + 21. Suppose b = -d*b + 552. Suppose -g - 7 = 3*w - b, -2 = -g. What is the units digit of w?
3
Suppose 21*n = -5*n + 442. Suppose j - 11286 = -n*j. What is the tens digit of j?
2
Let s be -4 - -2 - (-1 + 2 + -5). Suppose -4*y = s*c + 3*c - 44, 0 = 2*c + 5*y - 21. Let r(h) = h**3 - 7*h**2 + 10*h - 5.